t is the hundred millions digit of 199585190?
1
What is the ten millions digit of 65925248?
6
What is the thousands digit of 9410264?
0
What is the thousands digit of 1618233883?
3
What is the tens digit of 154878317?
1
What is the hundreds digit of 854031730?
7
What is the ten millions digit of 659276624?
5
What is the ten millions digit of 2938715277?
3
What is the ten thousands digit of 98893367?
9
What is the ten millions digit of 785343493?
8
What is the tens digit of 703248220?
2
What is the tens digit of 128414460?
6
What is the hundreds digit of 51044978?
9
What is the units digit of 26948065?
5
What is the thousands digit of 2053807443?
7
What is the ten millions digit of 1224349998?
2
What is the ten thousands digit of 53897384?
9
What is the hundred thousands digit of 57756970?
7
What is the millions digit of 1110818921?
0
What is the thousands digit of 108432893?
2
What is the ten thousands digit of 462317832?
1
What is the hundred thousands digit of 50035059?
0
What is the ten thousands digit of 2331117757?
1
What is the tens digit of 368472729?
2
What is the hundreds digit of 279166161?
1
What is the hundred millions digit of 398583283?
3
What is the units digit of 33171674?
4
What is the ten thousands digit of 154055371?
5
What is the millions digit of 130129846?
0
What is the tens digit of 338563065?
6
What is the hundred thousands digit of 1164597964?
5
What is the hundreds digit of 2256358678?
6
What is the ten millions digit of 4074616987?
7
What is the tens digit of 231233173?
7
What is the ten thousands digit of 543445652?
4
What is the thousands digit of 3103572975?
2
What is the ten millions digit of 503841659?
0
What is the tens digit of 1113024822?
2
What is the hundreds digit of 5817609?
6
What is the units digit of 1104714986?
6
What is the hundreds digit of 1528832139?
1
What is the hundred thousands digit of 184890746?
8
What is the hundred millions digit of 254327018?
2
What is the hundreds digit of 1725137800?
8
What is the tens digit of 6017785481?
8
What is the hundreds digit of 334710062?
0
What is the tens digit of 1423856334?
3
What is the ten millions digit of 8203469790?
0
What is the millions digit of 6976271032?
6
What is the hundreds digit of 1403263133?
1
What is the ten thousands digit of 100471259?
7
What is the millions digit of 485986063?
5
What is the thousands digit of 58039538?
9
What is the tens digit of 1272064401?
0
What is the ten thousands digit of 2768928?
6
What is the millions digit of 83163824?
3
What is the hundred thousands digit of 368773?
3
What is the thousands digit of 92571763?
1
What is the units digit of 206987579?
9
What is the thousands digit of 74392624?
2
What is the units digit of 7474208577?
7
What is the thousands digit of 166650717?
0
What is the hundred millions digit of 210192617?
2
What is the ten thousands digit of 254447661?
4
What is the millions digit of 2745172224?
5
What is the ten millions digit of 154509129?
5
What is the ten millions digit of 75511980?
7
What is the ten millions digit of 198775043?
9
What is the hundred millions digit of 711638801?
7
What is the millions digit of 713621782?
3
What is the ten millions digit of 6473109595?
7
What is the millions digit of 1490441756?
0
What is the hundreds digit of 126906138?
1
What is the ten millions digit of 2875258679?
7
What is the hundred thousands digit of 422850412?
8
What is the hundred millions digit of 189641454?
1
What is the millions digit of 1019394039?
9
What is the ten thousands digit of 863045597?
4
What is the tens digit of 18495042?
4
What is the ten millions digit of 993808458?
9
What is the tens digit of 14468760?
6
What is the hundred thousands digit of 366858994?
8
What is the ten thousands digit of 6414084?
1
What is the ten millions digit of 10520631?
1
What is the hundred thousands digit of 685586246?
5
What is the hundreds digit of 4791853041?
0
What is the millions digit of 621774785?
1
What is the hundred thousands digit of 1428246301?
2
What is the thousands digit of 58220820?
0
What is the thousands digit of 84020006?
0
What is the hundreds digit of 32060393?
3
What is the tens digit of 1699394387?
8
What is the hundred thousands digit of 154081601?
0
What is the hundred thousands digit of 14951396?
9
What is the hundred millions digit of 812784647?
8
What is the ten thousands digit of 224561461?
6
What is the tens digit of 106055521?
2
What is the millions digit of 39829272?
9
What is the ten thousands digit of 664011834?
1
What is the ten millions digit of 154815188?
5
What is the ten millions digit of 22584152?
2
What is the billions digit of 2186227822?
2
What is the units digit of 2207365313?
3
What is the ten millions digit of 140021481?
4
What is the millions digit of 14105819?
4
What is the ten millions digit of 8201476717?
0
What is the hundred millions digit of 1728996885?
7
What is the millions digit of 9297702439?
7
What is the ten millions digit of 350942830?
5
What is the ten thousands digit of 43622733?
2
What is the units digit of 388584355?
5
What is the ten millions digit of 526383353?
2
What is the millions digit of 834410157?
4
What is the tens digit of 587931637?
3
What is the tens digit of 282870739?
3
What is the tens digit of 1494855851?
5
What is the units digit of 605703333?
3
What is the ten thousands digit of 650504267?
0
What is the thousands digit of 92426332?
6
What is the ten millions digit of 391033599?
9
What is the hundred thousands digit of 403000805?
0
What is the thousands digit of 5313414303?
4
What is the hundred thousands digit of 14031887?
0
What is the ten thousands digit of 203340388?
4
What is the thousands digit of 88698112?
8
What is the ten thousands digit of 4276265561?
6
What is the tens digit of 324082705?
0
What is the ten thousands digit of 535621317?
2
What is the units digit of 683387615?
5
What is the hundred thousands digit of 6541122733?
1
What is the units digit of 1091686606?
6
What is the units digit of 45926626?
6
What is the hundreds digit of 27759341?
3
What is the hundreds digit of 523228380?
3
What is the hundreds digit of 2021996684?
6
What is the hundred millions digit of 1442984255?
4
What is the units digit of 182041559?
9
What is the ten thousands digit of 437812706?
1
What is the hundreds digit of 200849193?
1
What is the hundreds digit of 1000094995?
9
What is the thousands digit of 23179192?
9
What is the hundred thousands digit of 51413689?
4
What is the millions digit of 1120615893?
0
What is the ten millions digit of 2044713336?
4
What is the units digit of 265962448?
8
What is the hundreds digit of 5675733688?
6
What is the units digit of 19942190?
0
What is the hundred millions digit of 325492503?
3
What is the millions digit of 256316933?
6
What is the hundreds digit of 659011614?
6
What is the millions digit of 74462472?
4
What is the millions digit of 591535323?
1
What is the tens digit of 3201241?
4
What is the millions digit of 3561897862?
1
What is the hundred millions digit of 645249934?
6
What is the ten thousands digit of 383953843?
5
What is the ten thousands digit of 81021396?
2
What is the ten millions digit of 337746923?
3
What is the millions digit of 170225587?
0
What is the hundreds digit of 253191309?
3
What is the hundred millions digit of 664803883?
6
What is the millions digit of 16006125?
6
What is the tens digit of 1795588044?
4
What is the ten millions digit of 113443935?
1
What is the units digit of 860042381?
1
What is the ten millions digit of 50926785?
5
What is the millions digit of 113622939?
3
What is the hundreds digit of 23084009?
0
What is the millions digit of 96941440?
6
What is the hundreds digit of 32848910?
9
What is the millions digit of 151767898?
1
What is the millions digit of 1424903610?
4
What is the units digit of 838877653?
3
What is the hundred thousands digit of 495698271?
6
What is the ten thousands digit of 3399506677?
0
What is the hundred millions digit of 5488796376?
4
What is the millions digit of 104390723?
4
What is the tens digit of 115026691?
9
What is the hundred millions digit of 1233674835?
2
What is the hundred millions digit of 1257300317?
2
What is the thousands digit of 3672394492?
4
What is the thousands digit of 398161857?
1
What is